*k**3 - 32*k**2 + 744*k - 42. Give v(-22).
46
Let f(t) = -2619*t + 42449. Determine f(16).
545
Let s(n) = 211*n - 41605. Give s(197).
-38
Let n(q) = -3*q**2 - 395*q + 11883. Determine n(25).
133
Let w(b) = -2671*b**2 + 7580*b + 1302. Give w(3).
3
Let z(a) = -1337*a - 107298. Calculate z(-80).
-338
Let k(h) = 2598*h + 51161. Give k(-20).
-799
Let g(d) = 9138*d**2 + 402188*d + 5100. Calculate g(-44).
-4
Let z(i) = -189*i**2 - 1139*i - 35. What is z(-6)?
-5
Let n(v) = -1776*v**2 - 2943*v + 2941. Determine n(1).
-1778
Let h(t) = -246*t + 230. Give h(3).
-508
Let o(p) = 42*p**2 - 7565*p + 905. Give o(180).
5
Let j(w) = 6997*w - 503794. Calculate j(72).
-10
Let z(w) = -3*w**2 + 2895*w - 650401. What is z(609)?
11
Let p(w) = 23793*w - 47685. Calculate p(2).
-99
Let u(w) = -w**3 + 58*w**2 - 137*w + 619. Calculate u(56).
-781
Let q(y) = 18599*y**2 + 167433*y + 4. Calculate q(-9).
-374
Let z(n) = -n**3 + 19*n**2 + 47*n - 98. Give z(23).
-1133
Let j(v) = -5*v**2 - 78*v + 1885. What is j(-31)?
-502
Let y(r) = 2*r**2 + 2930*r - 349708. What is y(111)?
164
Let r(s) = -4*s**2 - 2689*s - 8709. Calculate r(-669).
-12
Let h(n) = 23629*n + 685248. Give h(-29).
7
Let i(l) = l**3 - 35*l**2 + 76*l - 369. What is i(33)?
-39
Let o(x) = 3*x**3 + 8*x**2 - 1347*x + 3917. What is o(3)?
29
Let r(t) = -t**3 - 635*t**2 - 44896*t - 12163. What is r(-554)?
25
Let p(j) = 259*j**3 - 50505*j**2 + 3*j - 596. Calculate p(195).
-11
Let w(p) = -p**3 + 386*p**2 + 241*p + 360210. Give w(389).
-4
Let x(d) = -28*d**2 + 72*d + 423. Calculate x(-5).
-637
Let j(z) = z**2 - 5821*z - 81708. Give j(-14).
-18
Let u(r) = 83*r**2 + 29963*r + 7. Calculate u(-361).
7
Let r(x) = 46*x**2 - 27*x + 37. Determine r(4).
665
Let r(s) = -5194*s + 446647. What is r(86)?
-37
Let y(v) = 4*v**2 - 56*v - 17683. Calculate y(-60).
77
Let q(w) = 34*w**3 - 7*w**2 - 12*w + 7. Give q(-3).
-938
Let j(k) = 344*k**3 + 2*k**2 + 10*k + 11. What is j(-1)?
-341
Let z(q) = -6709*q + 60935. Calculate z(9).
554
Let c(l) = -l**2 + 32*l + 1377. What is c(-25)?
-48
Let d(r) = 2*r**3 - 1137*r**2 + 3854*r + 57016. Give d(565).
-49
Let x(d) = d**3 - 143*d**2 + 266*d + 2248. Calculate x(141).
-8
Let t(u) = -12*u**2 + 149*u - 161. Determine t(15).
-626
Let n(h) = -811149*h + 25956773. Calculate n(32).
5
Let o(t) = -23755*t + 1092744. Determine o(46).
14
Let k(i) = 3*i**2 + 165*i + 1089. Calculate k(0).
1089
Let m(z) = -27*z**2 + 49*z + 206. Calculate m(-4).
-422
Let m(o) = -3130*o**2 - 6126*o. What is m(-2)?
-268
Let c(z) = -39629*z - 515201. Calculate c(-13).
-24
Let h(t) = -14*t**2 - 525*t + 1578. Give h(3).
-123
Let f(x) = -410*x**3 + 3*x**2 + 9*x + 7. What is f(-1)?
411
Let y(s) = 8930*s + 303660. Determine y(-34).
40
Let h(q) = -5050*q + 25170. Determine h(5).
-80
Let w(s) = 39*s**3 - 5*s**2 - 421*s - 840. Give w(-2).
-330
Let d(l) = -l**2 + 11*l + 7045. What is d(-80)?
-235
Let r(z) = -z**2 + 168*z - 1920. Calculate r(23).
1415
Let v(b) = -12*b**3 + 16*b**2 + 59*b - 11. Give v(-3).
280
Let i(b) = b**3 + 8*b**2 - 1585*b - 15756. Calculate i(-10).
-106
Let y(r) = 783*r - 3059. Give y(3).
-710
Let g(c) = -5*c**3 + 133*c**2 + 53*c + 88. Calculate g(27).
61
Let f(c) = -18*c**2 + 2967*c + 142. Give f(165).
-353
Let n(c) = 31669*c - 570062. What is n(18)?
-20
Let h(j) = -4051*j - 88419. Determine h(-22).
703
Let q(v) = v**3 - v**2 - 488*v + 3317. Calculate q(18).
41
Let p(g) = -33*g**3 - 1918*g**2 - 231*g - 61. What is p(-58)?
-119
Let m(s) = -s**3 + 27*s**2 + 484*s + 143. Give m(-14).
1403
Let i(h) = h**2 + 243935*h - 1951548. Give i(8).
-4
Let k(w) = -2011*w + 7299. Determine k(3).
1266
Let t(z) = -37*z**2 + 100*z + 2124. What is t(9)?
27
Let g(v) = v**2 + 28*v - 633. Give g(23).
540
Let j(i) = -i**3 - 31*i**2 + 1076*i - 290. What is j(-52)?
542
Let d(r) = 2*r**2 + 44*r - 30. Determine d(-26).
178
Let o(v) = -11*v**3 + 15*v**2 + 6*v - 4. Calculate o(2).
-20
Let t(r) = r**2 - 151*r + 5547. What is t(66)?
-63
Let r(j) = 2*j**3 + 19*j**2 - 30*j + 121. Determine r(-14).
-1223
Let p(h) = -7029*h + 91417. Give p(13).
40
Let z(c) = -2*c**3 - 23*c**2 - 3035*c - 5997. Give z(-2).
-3
Let j(g) = 3*g**3 - 29*g**2 - 1081*g + 1184. What is j(24)?
8
Let t(k) = -k**2 + 303*k + 4666. Give t(-15).
-104
Let l(u) = u**3 - 19*u**2 + 62*u - 2. Give l(11).
-288
Let b(k) = 20*k**3 + 31*k**2 - 239*k - 30. Determine b(7).
6676
Let z(b) = 4*b**3 + 28*b**2 + 245*b + 1238. Give z(-6).
-88
Let o(v) = 2*v**3 + 122*v**2 + 1437*v - 2659. Determine o(-44).
-63
Let n(a) = 7*a**3 + 297*a**2 + 931*a - 192. What is n(-39)?
3
Let y(h) = -h**3 + 86*h**2 + 87*h + 24637. What is y(90)?
67
Let i(b) = 34465*b - 68979. Give i(2).
-49
Let y(w) = -4*w**2 - 115*w + 1315. What is y(-26)?
1601
Let x(c) = 2*c**2 - 97*c + 211. What is x(37)?
-640
Let i(w) = w**2 - 1895*w + 139822. Calculate i(77).
-164
Let z(b) = -18*b**2 + 742*b + 4897. Determine z(47).
9
Let o(m) = 134*m**3 - 159*m**2 + 159*m. What is o(1)?
134
Let h(w) = 5*w**3 + 4*w**2 - 2479*w + 3990. Determine h(21).
0
Let n(o) = -6232*o + 853. What is n(-1)?
7085
Let s(l) = 2*l**2 + 784*l + 6483. Give s(-384).
339
Let j(f) = 2*f**3 + 79*f**2 - 260*f - 14216. Calculate j(-38).
-4
Let m(f) = -5*f**3 + 35*f**2 - 1977*f + 11660. Calculate m(6).
-22
Let l(b) = -23878*b - 3008618. What is l(-126)?
10
Let t(k) = -92*k**3 - 74984*k**2 - 3260*k + 12. Give t(-815).
12
Let p(l) = l**3 + 262*l**2 + 2532*l + 119. Determine p(-10).
-1
Let h(g) = 17*g**3 - 112*g**2 - 592*g + 14. What is h(-5)?
-1951
Let t(l) = 53*l - 7135. Calculate t(139).
232
Let y(i) = -3*i**2 - 492*i - 7842. Determine y(-146).
42
Let v(l) = 6210*l - 186383. Determine v(30).
-83
Let p(r) = -6673*r + 8588145. Calculate p(1287).
-6
Let a(h) = -2*h**3 + 615*h**2 + 369*h - 18774. What is a(308)?
14
Let o(r) = 3103*r + 46544. What is o(-15)?
-1
Let j(t) = -100*t + 9054. Give j(76).
1454
Let f(j) = 175*j**2 + 15268*j - 27326. Give f(-89).
-3
Let l(g) = 28*g**3 + 82*g**2 + 71*g + 3. Give l(-1).
-14
Let w(t) = -t**2 - 122*t + 1278. Give w(9).
99
Let v(p) = 9*p**2 + 1602*p + 9267. Determine v(-6).
-21
Let t(s) = -2*s**3 + 56*s**2 - 173*s + 581. Determine t(24).
1037
Let f(d) = -732532*d - 5127754. What is f(-7)?
-30
Let p(t) = -722*t + 13709. What is p(19)?
-9
Let a(k) = 13139*k - 210329. What is a(16)?
-105
Let f(y) = -22*y**3 + y**2 + 11*y + 37. Calculate f(-4).
1417
Let s(x) = -8*x**3 + 21*x**2 + 323*x + 181. Determine s(8).
13
Let l(j) = 2*j**3 - 177*j**2 + 2877*j + 220. Give l(67).
-48
Let k(n) = -18*n**3 + 166*n**2 + 942*n - 33. Determine k(-4).
7
Let a(t) = -t**3 - 57*t**2 + 7830*t + 6527. Determine a(65).
27
Let n(h) = 902*h + 299465. Determine n(-332).
1
Let h(g) = -2*g**2 + 518*g - 5380. Give h(248).
76
Let n(i) = i**3 + 207*i**2 + 6404*i - 3042. What is n(-169)?
0
Let n(f) = -9735*f - 4108182. Calculate n(-422).
-12
Let t(a) = -a**2 + 51772*a + 258881. What is t(-5)?
-4
Let g(h) = -6530*h - 385274. What is g(-59)?
-4
Let j(g) = -g**3 + 184*g**2 - 4530*g + 5428. Give j(155).
3
Let j(m) = 16*m**2 - 173*m - 351. Calculate j(11).
-318
Let z(f) = 2343*f - 888008. What is z(379)?
-11
Let u(n) = n**2 - 2036*n + 208220. What is u(108)?
-4
Let y(w) = 3*w**3 - 54*w**2 - 82*w + 1477. Determine y(18).
1
Let w(u) = -13490*u + 13461. Calculate w(1).
-29
Let d(z) = 3205*z - 6498. Determine d(2).
-88
Let u(t) = -2352*t - 226. What is u(-1)?
2126
Let q(n) = -6*n**2 + 69*n + 165. Determine q(-4).
-207
Let x(y) = -y**2 - 38*y - 516. What is x(15)?
-1311
Let i(y) = 12231*y + 85593. Give i(-7).
-24
Let u(m) = -363*m**2 + 83491*m - 212. What is u(230)?
18
Let p(j) = -137*j + 11680. What is p(80)?
720
Let r(o) = 7309*o**2 + 116940*o - 78. Determine r(-16).
-14
Let i(k) = -349096*k + 19898470. Calculate i(57).
-2
Let y(f) = f**2 - 10792*f + 16. Determine y(0).
16
Let l(k) = -3005*k + 36112. Calculate l(12).
52
Let i(c) = 9*c**2 + 6300*c + 198094. What is i(-667)?
-5
Let n(w) = -2*w**2 - 5311*w + 69332. Calculate n(13).
-49
Let t(r) = r**3 + 50*r**2 - 3078*r + 1385. Determine t(-86).
-163
Let o(f) = -7*f**2 + 4596*f - 4595. Calculate o(1).
-6
Let o(k) = -8064*k - 153224. Determine o(-19).
-8
Let m(i) = i**3 + 299*i**2 + 5055*i - 753. What is m(-281)?
90
Let h(m) = 5756*m - 22946. Give h(4).
78
Let l(a) = -3*a**3 - a**2 - 174*a + 1029. What is l(6)?
-699
Let a(f) = -20*f**2 - 11853*f + 1605